89)/(-121))/9 + 4/(-22) a prime number?
False
Let s(m) = -6*m - 6. Suppose 5*l - 4*d + 10 = -37, 5*d = 5*l + 50. Let g be s(l). Suppose 58 = 3*k - 2*f - g, 4*f = k - 18. Is k a composite number?
True
Let n be (-12)/(-16) - 3866/(-8). Suppose -2*b + n = 2*b. Is b a composite number?
True
Suppose 0 = -s - 2*p + 1627, 0 = -4*p - 47 + 63. Is s a prime number?
True
Suppose 3*c - c = -1108. Let d = -391 - c. Is d a prime number?
True
Suppose -5*o + 3*o - 6 = 0. Let f be (4 - 98)/(o/9). Suppose f = q + 43. Is q a prime number?
True
Let m(j) = 53*j + 172. Is m(17) composite?
True
Let t = -261 + 854. Is t a prime number?
True
Let f be ((-10)/(-3))/(8/48). Suppose -3*k = 4*v + 61, -v - f = v - 2*k. Let h = 34 + v. Is h prime?
False
Let i(a) = 1910*a - 7. Let c be i(-1). Let v = c - -4624. Is v a composite number?
False
Let q(y) = -1641*y - 8. Is q(-9) composite?
True
Suppose 5*x + 22 = -3. Let o(v) be the third derivative of v**5/60 + v**4/24 - 5*v**3/6 - 3*v**2. Is o(x) a prime number?
False
Suppose 3*g - 27*r - 87589 = -28*r, -5*r - 58370 = -2*g. Is g prime?
False
Let q = -6 + 9. Let g = -7 + q. Let u(d) = -11*d + 5. Is u(g) a prime number?
False
Suppose 0 = 27*s + 9*s - 260460. Is s prime?
False
Let c(z) = 2110*z - 221. Is c(6) composite?
True
Is (5 - 5)/(-6) + 5813 prime?
True
Let j(k) = -k**3 - 7*k**2 + 5*k - 22. Let s be j(-8). Suppose 3*m + 390 = 3*n, s*n - 3*m + 2*m = 257. Is n a composite number?
False
Let i = -85 - -85. Is 853/((i - -2) + (-5)/3) prime?
False
Suppose 518 - 5220 = -2*h. Is h a composite number?
False
Suppose -4*m + 22633 = 5*t - 16464, 2*t - 15637 = -m. Is t a prime number?
True
Suppose 0 = -9*f + 7*f + 4*w + 77258, 2*f - 77273 = w. Is f prime?
True
Suppose -3*o + 3 = 3*y - 6, o - 15 = 2*y. Let a(d) = -4*d - 3*d**2 + 7 + 9*d + 4*d**2. Is a(o) a composite number?
True
Suppose 18*w + 205 = 255391. Is w prime?
True
Let p(c) = -c**2 - 8*c - 2. Let b be p(-7). Suppose -b*k + 0*k = -3935. Is k a prime number?
True
Let t(l) = -l**3 - 9*l**2 - l - 4. Let a be t(-9). Suppose -3*b - 17 = -4*z, 0*b + 4*b = a*z - 22. Is (-4)/(4/(-99)) - z composite?
False
Let h = -6659 + 12688. Is h composite?
False
Is -4 - (-6 + -1 + -6776) a prime number?
True
Suppose 6*p = 5*p + 5. Suppose 0*m + p*m = 5485. Is m composite?
False
Suppose 12 = -t + 5*t. Suppose -s - 444 = -3*s - u, t*u - 888 = -4*s. Suppose n = -2*n + s. Is n a prime number?
False
Let f(v) = 2 + v - 8*v + 6*v + v**2 - v**3. Let m be f(0). Suppose -m*j + 3*j - 34 = x, 0 = -2*j - 2*x + 56. Is j prime?
True
Let k = 492 + -93. Suppose 2*h = -h + k. Is h a prime number?
False
Let n = 902 + 446. Suppose 4*l - 3760 = n. Is l a composite number?
False
Let l = 3576 - 2503. Is l a prime number?
False
Let p be 6/8 + (-145)/(-20) + -6. Suppose -1 = 3*f - 10. Suppose 0 = -f*y - 5*t + 1178, -p*t - 406 = -y - t. Is y composite?
False
Let u(d) = 20*d**2 - 2*d + 4. Let m be u(5). Let y = m - 237. Suppose -13*s = -12*s - y. Is s prime?
True
Suppose 0 = 3*w + 2075 - 7844. Is w composite?
True
Let k = -4488 + 6598. Let z = k + -692. Is z a prime number?
False
Let n(g) = g**3 + 18*g**2 + 6*g - 5. Let y be 6/(1 - 12/8). Is n(y) composite?
False
Suppose 0 = -5*c + c + 284. Let j be (634/10)/(7/35). Suppose 4*g = j + c. Is g a prime number?
True
Is 76/2*(-1)/(8/(-5468)) a composite number?
True
Suppose 2*m + 65 = -5*l + 17492, 3*m = -l + 3475. Is l prime?
False
Let u = 26789 - 15774. Is u a composite number?
True
Suppose -3*a + 34623 = 5*j, 2*a - 6*a + 4*j + 46164 = 0. Is a composite?
True
Suppose -170 + 989 = -p. Let w = 1246 + p. Is w a composite number?
True
Let i(g) = -3*g - 1. Let t be i(-2). Suppose 20 = 5*u, 5*u = -k - 20 + 85. Suppose t*z = 1120 - k. Is z prime?
False
Suppose 410458 = 38*j + 8*j. Is j a prime number?
True
Let k = -4 - 8. Let m = k - -11. Is (-91)/m + -1 + -1 prime?
True
Let t(y) = -6*y + 12. Let z be t(2). Is (-3 - z) + (-9728)/(1 - 5) a composite number?
True
Let q(l) = -l**3 + 7*l**2 + 8*l + 3. Suppose 4*h + 2*r - 112 = -34, 0 = 2*r - 2. Suppose -h - 11 = -5*n. Is q(n) a composite number?
True
Let i(y) = -12*y**3 + 2*y**2 + y - 13. Let a(l) = -18*l**3 + 3*l**2 + l - 19. Let z(n) = -5*a(n) + 8*i(n). Is z(-4) composite?
False
Suppose 208*c = 185*c + 143497. Is c a prime number?
False
Let w(l) = -1519*l - 429. Is w(-32) prime?
True
Let c(g) = 3*g - 61. Let t be c(21). Is 1842/12*(12 - t) prime?
False
Is 18926/2 + (-10)/5 a prime number?
True
Let t(h) = 72*h + 10. Let b be t(-4). Let j = 95 - b. Is j prime?
True
Let p be (-130)/(-14) + 8/(-28)*1. Let k be 3351 + -2*2/(-4). Is p/(-6)*k/(-12) a prime number?
True
Let c(r) be the third derivative of 0*r + 7/24*r**4 + 0 + r**2 + r**3. Is c(7) composite?
True
Let v be 360/(-26) + (-4)/26. Let x = v - -14. Suppose 0 = 2*f - k - 245 - 252, x = k - 1. Is f a prime number?
False
Let n = 114237 + -75244. Is n a composite number?
False
Suppose -4*g + 16 = -28. Suppose 4*s + g = 4575. Is s a composite number?
True
Suppose 19 = 4*v + v + 3*x, -5*v - 5*x + 25 = 0. Suppose v*r - 10 - 388 = 0. Is r a composite number?
False
Let u(g) = g**3 - 10*g**2 - 12*g + 13. Let l be 22/(-2 - -4*1). Let z be u(l). Let w(q) = 8*q**3 + 2*q**2 - 1. Is w(z) prime?
True
Let g(w) = 10*w**2 + w + 19. Let v = -7 - -1. Is g(v) prime?
True
Let r = 517 - 266. Is r prime?
True
Let u be ((-24757)/(-19))/(-1 + 0). Let m = -614 - u. Is m prime?
False
Suppose -10067 - 2820 = -7*q. Is q composite?
True
Let p(f) = -9*f + 4. Let w be p(6). Let m = w + 571. Is m a composite number?
False
Let g = 5001 - 2522. Is g a composite number?
True
Let p(h) = -103*h - 197. Is p(-18) prime?
True
Suppose -3*z + z = 18. Let t = z + 9. Suppose t = i - 0*i - 35. Is i composite?
True
Let p = 5600 - -3737. Is p prime?
True
Let q(f) = 2*f**2 - 2*f**2 + 3 + 0*f**2 - 14*f + 3*f**2. Suppose 42 = 5*c + 3*a + 7, 0 = -2*c + 2*a + 30. Is q(c) composite?
False
Suppose 0 = 5*d - 75 + 20. Suppose 2*g = -r - 1, -d = -5*r + 3*g + 23. Suppose -r*w + 203 = -267. Is w composite?
True
Let d be (-1 - 2/2) + 96/16. Suppose 4676 = 5*p - 3814. Suppose -d*h + 8*u = 3*u - p, 0 = 2*u - 4. Is h composite?
True
Let i(z) = -246*z**3 - 4*z**2 - 6*z - 3. Is i(-4) composite?
True
Let p(i) = -223*i. Let h be p(6). Let l = h - -2897. Is l a prime number?
True
Suppose 10 = 3*f - f. Suppose 6*z + 2*a - 9738 = 2*z, -2*a = f*z - 12175. Is z a composite number?
False
Suppose 3*w - 5*y = 37297, y - 26936 = -3*w + 10385. Is w prime?
False
Let i(n) = n**3 - 6*n**2 - 8*n + 9. Let l be i(7). Suppose u = 2*u + 3*q - 1052, 0 = -u + l*q + 1077. Is u composite?
True
Let v = 17 - 14. Suppose 0 = v*s + 7 + 23. Let k = s - -32. Is k a prime number?
False
Let f be ((-90)/(-12))/(6/8). Let h(v) = 2*v**2 - 2 + 6 - f*v + 9*v. Is h(-11) a composite number?
False
Let s(l) = -l - 6. Let u be s(-11). Is (16/3 - u)*2049 a prime number?
True
Suppose 5*v - 54427 = 61918. Is v prime?
True
Let o(s) = -2*s + 1. Let z be o(-1). Suppose -k + z = 5*i - 3, -3*k = 4*i + 4. Suppose i*w = -w + 705. Is w a composite number?
True
Suppose -7*b = -2*b - 5*q - 15, 2*q + 8 = 3*b. Is (438 - -6) + (-2)/b composite?
False
Let x = 2026 + -1131. Suppose 0 = y - 6*y + x. Is y composite?
False
Suppose -2*z + 4 = -2. Let i(n) = -4*n + 0 + 4*n**2 + 13*n**3 + 3 + 13*n**z - n**3. Is i(2) a composite number?
False
Let w be (-3)/(1/(56/(-6))). Suppose -4*m - w = -i - 3*i, 2*m = 5*i - 26. Is (-367 - 6)*(-4 - m) a prime number?
True
Suppose 5537 + 1177 = 18*n. Is n a composite number?
False
Let b(p) = 8*p + 4 - 1 - 9*p**2 - 5*p**2 + 17*p**2. Suppose 0 = -2*u - 5*k + 4, -k + 44 = -5*u. Is b(u) a prime number?
True
Let s be (3 - 10/4)*0. Let y be (2 - (s - -262))/(-1). Suppose 0*t = -4*n - 5*t + y, 260 = 4*n - 3*t. Is n composite?
True
Let v(k) = -120*k**2 - k + 4. Let m(p) = -24*p**2 + 1. Let f(i) = -11*m(i) + 2*v(i). Is f(5) prime?
True
Let f(k) = 9*k**2 + k - 9. Let v be 0/(-2) + (260 - -1). Let x be v/27 - 1/(-3). Is f(x) prime?
False
Let p(l) be the third derivative of 527*l**4/12 + l**3/6 + 10*l**2. Is p(1) prime?
False
Suppose 0 = 7*z - 8 + 36. Is 807/z*(46/(-6) + 5) a composite number?
True
Let n = -458 + 326. Is (-48534)/(-8) + (-33)/n a composite number?
False
Let c(l) = 998*l**2 - 2*l + 2. Let y be c(2). Suppose 0*g + y = 6*g. Suppose d = p + 2*p - g, -442 = -2*p + d. Is p prime?
